ctors of 764 - ((-18)/3 - -3).
13, 59
Let j = -11 - -14. Let c be 1 + 19 - (-6 + j). Suppose 0 = -4*n + 4*g + 36, 6*g + c = 2*n + 5*g. What are the prime factors of n?
2, 7
Let a(b) = 60*b - 207. List the prime factors of a(36).
3, 7, 31
Let t(i) = -i**2 - 1 + 0*i**2 - 28 - 3*i - 23*i. What are the prime factors of t(-20)?
7, 13
Suppose t + 2*h = 328, -4*t + h = 4*h - 1297. Suppose 0 = 6*v - 26 - t. List the prime factors of v.
2, 29
Let u be (-1 - (-4)/2) + 74. List the prime factors of u/5 - 4 - 3.
2
What are the prime factors of 602 - ((-16 - -19) + 1 + -2)?
2, 3, 5
Let b be (1 + 34/(-4))*(-280)/60. Suppose -b = 4*h - 155. What are the prime factors of h?
2, 3, 5
Let m = -344 + 1349. What are the prime factors of m?
3, 5, 67
Suppose -2*d = 2*c - 474, -3*d + 3*c - 171 + 864 = 0. List the prime factors of d.
2, 3, 13
Let n(k) = -k**2 - 5*k + 8. Let x be n(-6). Suppose 195 = x*h - i - 1, 2*i = -5*h + 481. What are the prime factors of h?
97
Suppose -r + 2*r + m + 2 = 0, 5*m = r - 22. Suppose -2*p + 2*l + 116 = 0, -4*p + 239 = -r*l + 9. What are the prime factors of p?
3, 19
Suppose 0 = 4*h - 2*m + 44, 3*m + 4 = -2*h - 26. Let k = -7 - h. List the prime factors of (-2)/k + (-776)/(-40).
19
Let a(i) = i**3 + 15*i**2 - 11*i - 30. List the prime factors of a(-15).
3, 5
Let n = 290 + 10. What are the prime factors of n?
2, 3, 5
Suppose -4*z = -8 - 12. Suppose z*t - 4*t + 1 = 0. Let o = 16 + t. List the prime factors of o.
3, 5
Let h(a) = -a**3 + 7*a**2 + 7*a + 3. Let d be 5*(-4)/(-5) - -2. What are the prime factors of h(d)?
3
Let x(v) = 2*v**2 + 3*v + 2. Let g be x(-2). Suppose g*q = 111 + 165. What are the prime factors of q?
3, 23
Let w be (-2)/(4/(-12)*6/4). List the prime factors of (2512/((-16)/w))/(-2).
2, 157
Let q = 132 - -1845. List the prime factors of q.
3, 659
Let t(k) = 7*k - 3*k - 3*k - 2 + 2*k**2. List the prime factors of t(-3).
13
Suppose 2*l + 2*l = 0. Suppose l = 3*d - 2*t - 0*t - 228, 0 = t + 3. List the prime factors of d.
2, 37
Suppose -6*i + 11*i - 905 = 4*o, i + 2*o - 181 = 0. List the prime factors of i.
181
Suppose 4*x - 5*q - 9648 = 0, -q + 1595 = x - 817. List the prime factors of x.
2, 3, 67
Let r be -6 + -7 + (1 - 1). Let x(q) = q**3 + 14*q**2 + 9*q + 19. List the prime factors of x(r).
71
Let k(q) = 9*q**3 - q - 1. Let i be k(-1). Let r(a) = -a**2 - 11*a - 16. Let x be r(i). Suppose 0*u = x*u - 80. What are the prime factors of u?
2, 5
Let s = -31 + 27. Let c(o) = -2*o**3 - 2*o**2 + 7*o + 2. List the prime factors of c(s).
2, 5, 7
Let r be ((-2)/(-6))/((-4)/(-72)). Suppose -r*d - 25 = -11*d. Suppose -5*i = 3*y - 26, -y + 4*y - d*i = 16. What are the prime factors of y?
7
Let y = -1268 + 515. Let d be 3/6 - y/6. Suppose -3*u - d = -5*u. What are the prime factors of u?
3, 7
Let o(h) = 16*h - 1. Let x be o(-2). Suppose 3*a + n + 29 = a, 3*n - 25 = a. Let t = a - x. List the prime factors of t.
17
Let c be (32/40)/((-2)/(-5)). Let j(y) = 2*y**3 + 4*y + 151*y**c - 143*y**2 + 0*y**3 - 3*y**3. What are the prime factors of j(8)?
2
Let z be -10*(5/(-2) - -2). Let t = -1 + z. Let c(q) = 6*q - 1. What are the prime factors of c(t)?
23
Let t = 38 + -28. Let r = 60 - t. List the prime factors of r.
2, 5
List the prime factors of (-36 - 16)*(2 - 45/6).
2, 11, 13
Suppose -2*v + 78 = 3*f - 3*v, 0 = 4*v. What are the prime factors of 21/2*f/3?
7, 13
Suppose j + 5 = 4*k + 18, 0 = 3*k + 9. Suppose 10 + 2 = o + f, 0 = 3*o - 4*f - j. List the prime factors of o.
7
Let b be 15/(-35) + (-4)/7. Let y be ((-85)/5)/(b*1). Let m = 29 - y. What are the prime factors of m?
2, 3
Suppose -2*k - 5*d = -1135, 8*k - 7*k - 561 = 4*d. List the prime factors of k.
5, 113
List the prime factors of (5 - (-32)/(-4)) + 327.
2, 3
Suppose 2*c - 2293 = 5*z, -573 = 3*c - 5*z - 4010. List the prime factors of c.
2, 11, 13
Let h be (-6)/(-4)*4/(-3). Let s(k) = -5 - 2 + 3 + 0 - 13*k. What are the prime factors of s(h)?
2, 11
Suppose y = -i - 0*i + 146, -4*y + 2*i + 596 = 0. Suppose -y = -3*d - 1. List the prime factors of d.
7
Suppose 46*m - 2*l = 41*m + 6697, 4*l - 5352 = -4*m. List the prime factors of m.
13, 103
Let y = 26 - 21. Suppose -v - 3*c = c - 230, -v + y*c = -248. List the prime factors of v.
2, 7, 17
Suppose 2*r - 177 = 3*d, 3*d - 162 = -2*r + d. Suppose -r = -8*z + 532. What are the prime factors of z?
7, 11
Let a be ((-10)/8)/(0 + 2/(-8)). Suppose a*q = -4*q + 2061. What are the prime factors of q?
229
Suppose -3*g + 4*o - 3*o = -170, -3*o = 15. What are the prime factors of g?
5, 11
Suppose 6*h - 10176 = -1776. What are the prime factors of h?
2, 5, 7
Suppose 11 = -d - 4*g + 2, -4*g - 16 = 0. Let w be 2/d - 23/7. Let k(h) = h**3 + 4*h**2 + h. What are the prime factors of k(w)?
2, 3
Let z = -30 - -155. Suppose -240 = -4*l + 5*r, 79 = 4*l + 4*r - z. List the prime factors of l.
5, 11
Let w = 45 + -47. What are the prime factors of (-30)/(-4)*((-116)/(-10) + w)?
2, 3
Suppose w = t - 1, 4*t = -5*w - 5 - 9. Let k be (-36)/(w/(-4) - 2). Suppose -4 = -4*x + k. List the prime factors of x.
7
Suppose -2 = 2*z - 3*z. Suppose z*i - 150 = -i. Suppose i = 4*g + 6. What are the prime factors of g?
11
Let u(p) = p**3 + 3*p**2 - 2. Let c be u(-3). Let m be -2 - (c + 4 - 4). Suppose 3*k + k - 44 = m. What are the prime factors of k?
11
Suppose -f + 1 = -0. Suppose -f = -y - 2*q, 3*q = 3*y - 15 + 3. What are the prime factors of 47 - (1 - (-9)/y)?
43
Let r(x) = 22*x**3 - x**2 + 2*x - 1. Let i(a) = -2*a**3 - 3*a**2 - 2*a + 2. Let o be i(-2). Let h = o - 9. What are the prime factors of r(h)?
2, 11
What are the prime factors of (-12)/198*3 + 25304/22?
2, 5, 23
Let y(v) = 9*v**2 - 122*v - 1. List the prime factors of y(15).
2, 97
List the prime factors of ((45/20)/(-9))/((-3)/5892).
491
Let k(t) = 2*t - 14. Let f be k(0). Let d = f - -17. Suppose m - d*h - 40 = -3*m, -2*h = 8. What are the prime factors of m?
7
Let o = -89 + 153. Let b = -37 + o. What are the prime factors of b?
3
Let y = 17 + -9. Suppose -y*v = -4*v + 32. List the prime factors of -27*(-4 - v)/(-4).
3
Suppose -w + 57 = 5*a, 45 = -0*a + 5*a + 5*w. Suppose 0 = -2*i + a - 2. Suppose i*j + 4*l = 303, l - 5*l = -j + 75. List the prime factors of j.
3, 7
Suppose -725 = -6*w + w. Suppose -5*t + w = -0*t. Suppose 4*g + t = 81. What are the prime factors of g?
13
Let d be (-520 + -28)/(1*2). Let g = 4 - d. List the prime factors of g.
2, 139
Let p = 1714 + 581. List the prime factors of p/36 + (-6)/8.
3, 7
Suppose 0 = 28*m - 15*m - 5629. What are the prime factors of m?
433
Let j = -20 + 34. Suppose -3*l + j = -217. List the prime factors of l.
7, 11
Let g be (9/(-2) + -1)/((-15)/2490). Suppose -4*q + 95 + g = -j, -257 = -q - j. List the prime factors of q.
11, 23
Let q(y) = 2*y + 38. Let b be q(-18). Suppose 0 = 5*m + 25, 3*j - m + 14 = -5*m. Suppose -b*i + 264 = j*i. List the prime factors of i.
2, 3, 11
Let o(h) = -376*h - 16. What are the prime factors of o(-4)?
2, 3, 31
Let y = 682 + -373. What are the prime factors of y?
3, 103
Suppose 23*n - 2172 = -2*j + 19*n, 2*j - 2*n - 2178 = 0. List the prime factors of j.
2, 17
What are the prime factors of (-556)/(-2) - (-2)/(-2)?
277
Suppose 704 = 3*y - 298. Let g = y - 186. What are the prime factors of g?
2, 37
Suppose -5*c - 3 + 28 = 0. Let h = c + -3. Suppose -h*v = -23 - 71. What are the prime factors of v?
47
Suppose -5*t + 4*t - 4 = 0. What are the prime factors of (-3006)/(-72) - 1/t?
2, 3, 7
Let p be 21/3 + 6 + -3. Let t(g) = g + g**3 - 12*g + 41*g**2 + p - 28 - 56*g**2. What are the prime factors of t(16)?
2, 31
Let b(f) = -f**3 - 16*f**2 + 3*f + 41. What are the prime factors of b(-19)?
11, 97
Let r = -247 - -254. What are the prime factors of r?
7
Suppose 5*r + 5 = 40. Suppose r*a - 2*a + 170 = 0. Let l = -15 - a. List the prime factors of l.
19
Let s = 6712 - 3870. What are the prime factors of s?
2, 7, 29
Let m = -640 - -639. Let t(p) be the second derivative of -27*p**5/10 - p**4/6 - p**3/2 - p**2 + 2*p. What are the prime factors of t(m)?
53
Let b = 598 + -252. List the prime factors of b.
2, 173
Suppose 5*v = -2*z - 16, v = z + 4 - 3. Let m be (-3)/(-6) + 1/v. Suppose m = -7*j + 5*j + 64. What are the prime factors of j?
2
Let o = -10 - -3. Let n(k) = k**2 + 6*k. Let w be n(o). Suppose 4*z = w*z - 156. What are the prime factors of z?
2,